divided by n?
6
Suppose -4 = l - 15. What is the remainder when (4/6)/(8/240) is divided by l*(-3)/(12/(-4))?
9
Suppose 0*i + 2*i - 10 = 0. Suppose -i*g + 52 = -4*g. Suppose 4*c = 6*c - 54. Calculate the remainder when g is divided by c.
25
Let s be (-2 + 12/10)*-25. Let m = s + -12. Suppose -29 = -k - 5*f + 3, -2*k = 5*f - 69. Calculate the remainder when k is divided by m.
5
Let o = -51 + 54. Suppose -38 = -2*y + 2*f, -f - 33 = -2*y - 0*f. Calculate the remainder when y is divided by o.
2
Suppose -138*c = -134*c - 1372. Calculate the remainder when c is divided by 8.
7
Suppose 411 = 5*k + 2*w, 57 + 360 = 5*k + 4*w. Let l(y) = -y**3 - 3*y**2 - 3*y + 1. What is the remainder when k is divided by l(-4)?
23
Let a = 31 - 14. Calculate the remainder when 42/(13 + 1)*(2 + (-21)/(-3)) is divided by a.
10
Calculate the remainder when (17/(-102)*-9)/((-3)/(-872)) is divided by 115.
91
Suppose 8*l - 3*l + 5*c = 200, 0 = l + 5*c - 56. Suppose -z + l = 5*z. Calculate the remainder when 22 is divided by z.
4
Let h = -1604 + 1684. Calculate the remainder when h is divided by 77.
3
Suppose 7*d - 8 = 9*d. Let u = d + 16. Calculate the remainder when 11/2*(15 - 3)/2 is divided by u.
9
Suppose 2*u + 3*u - 65 = 0. Let r(o) = -5*o - 37 - o**2 - 12*o**2 + 0*o**3 - o**3 + 9. What is the remainder when r(-13) is divided by u?
11
Let r(q) = -q**2 - 18*q - 15. Calculate the remainder when 36 is divided by r(-16).
2
Suppose 3*c + 57*z - 59*z - 230 = 0, 335 = 4*c + 3*z. Calculate the remainder when c is divided by 12.
8
Suppose 5*i = -11 + 26. Suppose -4*j + i*t = -1, t + 2 = 2*j - 1. Suppose 60*n - 955 = -295. Calculate the remainder when n is divided by j.
3
Let w = -526 - -672. What is the remainder when w is divided by 32?
18
Suppose 4*z + 168 = 3*k - 0*k, z - 205 = -4*k. What is the remainder when 130 is divided by k?
26
Let p(x) = x + 20. Calculate the remainder when p(11) is divided by 16.
15
Suppose 3*q = 3*d + 2 - 8, -2*d - 2*q = -24. Let y(j) = 4*j. What is the remainder when y(d) is divided by 16?
12
Let z be (3/(-9))/(1/(-66)). Suppose -3*o + g + 2 = -2, -19 = 2*o - 5*g. Let p = o + z. Calculate the remainder when p is divided by 14.
11
Suppose -2*s = -w - 14, -w = 2*w - 12. Let i = -25 + 24. Let t(p) = -4*p + 1. What is the remainder when s is divided by t(i)?
4
What is the remainder when 49 is divided by 135/(-81) + 76/6?
5
Suppose 12*u - 387 = 3*u. Let m = 120 - u. What is the remainder when m is divided by 40?
37
Let t(h) = -22*h + 5. Let k be t(-3). Suppose 5*p - k = 79. What is the remainder when p is divided by 8?
6
Let u(d) = d**2 - 16*d + 28. Let k be u(14). Suppose k = 4*m + 311 - 759. Calculate the remainder when m is divided by 23.
20
Suppose 3*w + 2*p - 10 = 19, -4*w + 4*p + 52 = 0. Let o(u) = -6*u - 36. Let h be o(-6). What is the remainder when 32*(h + 2 + (-9)/12) is divided by w?
7
Let s = -311 + 323. Suppose -4*m + 15 = -3*r, 2*m - 4*r = -0 + 10. Suppose m - s = -k. What is the remainder when k is divided by 4?
1
Suppose -69*d - 291 = -72*d. What is the remainder when d is divided by 34?
29
Suppose -3621 = -26*b + 1579. Calculate the remainder when b is divided by 66.
2
Suppose -11*j - 1199 + 5940 = 0. Calculate the remainder when j is divided by 40.
31
Let x = 52 + -56. Let d = 40 - x. Calculate the remainder when d is divided by 15.
14
Suppose 0*f + 5 = f. Suppose 4*g + 2*c + 0*c - 98 = 0, g - f*c = -3. What is the remainder when g is divided by ((-535)/(-214))/(5/24)?
10
Let p(y) = -22*y - 237. Calculate the remainder when 24 is divided by p(-11).
4
Let h = 11 + -9. Suppose -3*j + 33 = h*f, 6*j - 43 = -2*f + j. What is the remainder when f is divided by 3?
0
Let w = -2560 - -2566. Let q = 35 - -22. What is the remainder when q is divided by w?
3
Let w = 309 - 301. What is the remainder when 118 is divided by w?
6
Let o(m) = -m**3 + 7*m**2 + 10*m - 12. Let a be o(8). What is the remainder when ((-66)/a)/((-5)/10) is divided by 19?
14
Suppose 0 = -2*z - 5*y + 22, -4*z + 5*y - 3*y = 4. What is the remainder when 75 is divided by z/((-18)/(-228)*4/6)?
18
Let n be (2/(-4))/(3/24). Let g = n - -15. What is the remainder when (-230)/(-5) + 1 + -5 is divided by g?
9
Let t = -204 - -220. What is the remainder when t is divided by 5?
1
Let a = 37 - 75. What is the remainder when (((-62)/(-6))/1)/(a/(-114)) is divided by 17?
14
Let h(u) = 187*u**2 + 27*u + 27. What is the remainder when h(-1) is divided by 53?
28
Let n = -1140 - -1161. What is the remainder when 142 is divided by n?
16
Suppose -i = -5 + 3. Suppose 0 = -i*y - 5*h + 6, -14 = -4*y - 5*h + 18. Let b(z) = z**2 - z + 21. Calculate the remainder when b(-5) is divided by y.
12
Suppose -7 + 23 = -2*o. Let d be (4/o)/((-1)/280). Suppose 15*l - d = 13*l. Calculate the remainder when l is divided by 24.
22
Let m = -1238 - -1291. Calculate the remainder when 1430 is divided by m.
52
Suppose o + 2*n = 31, 4*n = -o + 3*n + 35. What is the remainder when o is divided by 20?
19
Let j = 6 + 14. Suppose -5*a + 2*a = -21. What is the remainder when j is divided by a?
6
Let u be 14/(-4) - -3 - 4/(-8). What is the remainder when 4 - 1 - -85 - (u + -1) is divided by 18?
17
Let q(f) = 4*f**2 + 45*f - 115. Calculate the remainder when 310 is divided by q(-14).
37
Let p = 9 + -11. Suppose 0 = -3*h - 2*h + 115. What is the remainder when (-19 + 1)*5/p is divided by h?
22
Let l(r) = 6*r**2 + 82*r - 163. Calculate the remainder when 297 is divided by l(2).
22
Let f = 115 - 75. Let u = f + -35. Let p = u - -11. Calculate the remainder when 60 is divided by p.
12
Suppose 15 = -10*j + 7*j. Let f(n) = -10*n**2 + 2*n - 1. Let y be f(1). Let c = j - y. Calculate the remainder when 13 is divided by c.
1
Let n = 117 + -108. Let y = 24 + n. What is the remainder when 162 is divided by y?
30
Let q be (((-70)/(-25))/(-7))/(1/(-55)). Suppose -5*w + q = 2*o - 0*o, 10 = o + 3*w. Calculate the remainder when o is divided by 9.
7
Suppose -3*o = m - 6*o + 27, -m - 41 = 4*o. Let a(j) = 20*j**2 + 3*j + 1. Let k be a(-2). Let t = m + k. What is the remainder when t is divided by 15?
12
Let y(z) = -2*z - 7. Let r be y(-5). Suppose r*n - 7 - 25 = b, -4*n - 5*b = -30. Calculate the remainder when n is divided by (-3)/(-1)*(-5 - -6).
1
Suppose -2*n + 54 = -62. Suppose -27 = -y - u, 3*y - 102 = 6*u - 2*u. Calculate the remainder when n is divided by y.
28
Suppose -9 + 23 = u. Calculate the remainder when 25 is divided by u.
11
Let h = -43 - -43. Suppose 2*y - 22 - 34 = h. Calculate the remainder when y is divided by 15.
13
Suppose -15 = -5*t - 4*q, 2*t - 7 = 3*q - 1. Suppose -5*k = -k - 2*g - 262, -53 = -k + t*g. What is the remainder when k is divided by 23?
22
Let t be 1/3 + ((-570)/9)/(-2). What is the remainder when 48 is divided by 444/t + 2/16 - -3?
14
Let a(r) = 6*r**2 - r. Suppose -3*v + 4 - 1 = 0. Suppose 6*j = 3*j + 6. Calculate the remainder when a(v) is divided by j.
1
Suppose -3*q + 2*q = q. Suppose 4*l + q*l = 8. What is the remainder when 4 is divided by l?
0
Let j be 3/2*(-440)/15. Let t = 68 + j. Suppose -4*d + t = -2*d. Calculate the remainder when 22 is divided by d.
10
Let n be (-34)/(3 + 3 - 4). Let y = -20 - n. What is the remainder when (-21)/(-9) + 4/y is divided by 1?
0
Let p = 19 - 17. Suppose p*w - 24 = -2*w. Suppose -w*c + 26 = -4*c. Calculate the remainder when c is divided by 3.
1
Let o = 50 + -27. What is the remainder when (-406)/(-6) + ((-55)/(-15))/11 is divided by o?
22
Suppose 1 = g + 4, 4*n = g + 35. Calculate the remainder when (-1 + -4 - 2)*(-132)/42 is divided by n.
6
Suppose 2*i - 55 = -3*i. What is the remainder when (-1 + (-69)/15)/(0 + 36/(-90)) is divided by i?
3
Suppose 4*h - 27 - 1 = 2*k, -2*h + 5*k = -30. Let t(r) = r**2 + 8*r - 8. Let v be t(-9). What is the remainder when v/(12/256) - (-8)/12 is divided by h?
2
Let z(d) = -17*d + 12. Let n be z(-5). Let i = n - 76. Calculate the remainder when i is divided by 13.
8
Suppose 5*o - 4*k + 169 = 0, 5*o + 5*k + 47 + 158 = 0. Let p = -6 - o. What is the remainder when 87 is divided by p?
25
Let i = 1 - 2. Let u = i - -2. Suppose -46 = -5*j - u. What is the remainder when 26 is divided by j?
8
Let i(g) = -11*g - 36. Calculate the remainder when i(-14) is divided by 24.
22
Suppose -7 = -4*k + 5. Suppose k = 2*a - 3. What is the remainder 